 (base 7) to base 16.
-3
Convert -37 (base 11) to base 16.
-28
What is -61 (base 7) in base 16?
-2b
Convert 3 (base 11) to base 16.
3
Convert 2 (base 7) to base 12.
2
Convert 1020 (base 3) to base 11.
30
Convert 12b (base 15) to base 9.
325
What is -2221 (base 3) in base 9?
-87
Convert 113 (base 4) to base 8.
27
Convert 146 (base 7) to base 16.
53
What is -2 (base 4) in base 14?
-2
What is -32 (base 6) in base 2?
-10100
What is 36 (base 16) in base 4?
312
Convert 0 (base 9) to base 8.
0
Convert 16 (base 8) to base 14.
10
-11 (base 10) to base 15
-b
Convert -1 (base 12) to base 10.
-1
What is 101 (base 2) in base 15?
5
Convert 1 (base 10) to base 12.
1
3 (base 9) to base 16
3
Convert -1 (base 10) to base 4.
-1
Convert 4 (base 5) to base 11.
4
d (base 16) to base 9
14
12 (base 7) to base 11
9
Convert 2111 (base 3) to base 4.
1003
What is 2 (base 5) in base 2?
10
1 (base 9) to base 13
1
-330 (base 6) to base 5
-1001
Convert d (base 16) to base 3.
111
What is -45 (base 10) in base 5?
-140
What is 10 (base 13) in base 6?
21
Convert -4 (base 9) to base 2.
-100
Convert -4 (base 9) to base 3.
-11
Convert -222 (base 4) to base 15.
-2c
0 (base 6) to base 13
0
27 (base 16) to base 9
43
1 (base 13) to base 8
1
8 (base 9) to base 12
8
-10001 (base 2) to base 11
-16
What is -5 (base 16) in base 13?
-5
41 (base 7) to base 11
27
Convert -3 (base 5) to base 9.
-3
What is -101011 (base 2) in base 9?
-47
-16 (base 8) to base 6
-22
5 (base 9) to base 3
12
-1000001 (base 2) to base 8
-101
-1 (base 3) to base 4
-1
What is -4 (base 16) in base 15?
-4
-100 (base 3) to base 12
-9
What is 1 (base 9) in base 12?
1
Convert 2 (base 12) to base 14.
2
Convert b9 (base 15) to base 5.
1144
-42 (base 8) to base 14
-26
138 (base 14) to base 16
f6
-10120 (base 3) to base 11
-88
Convert 1010 (base 2) to base 16.
a
What is 21 (base 14) in base 15?
1e
-6 (base 14) to base 12
-6
What is 0 (base 7) in base 15?
0
What is -1001 (base 2) in base 7?
-12
Convert -1 (base 13) to base 11.
-1
Convert -2 (base 14) to base 6.
-2
-54 (base 11) to base 10
-59
What is -21 (base 5) in base 8?
-13
What is -11a (base 11) in base 12?
-ba
-236 (base 8) to base 12
-112
Convert -12 (base 8) to base 9.
-11
Convert -11011 (base 2) to base 8.
-33
-11000000 (base 2) to base 15
-cc
What is 20 (base 9) in base 8?
22
-3 (base 10) to base 8
-3
What is -3211 (base 4) in base 9?
-274
Convert 101010 (base 2) to base 16.
2a
What is -1002 (base 3) in base 4?
-131
What is -10 (base 6) in base 9?
-6
432 (base 6) to base 4
2210
What is 70 (base 11) in base 10?
77
What is 22 (base 8) in base 14?
14
Convert 37 (base 12) to base 2.
101011
19 (base 13) to base 12
1a
Convert 32 (base 15) to base 2.
101111
Convert -11 (base 5) to base 9.
-6
What is 0 (base 9) in base 3?
0
-7d (base 14) to base 7
-216
-30 (base 11) to base 10
-33
What is -33 (base 9) in base 2?
-11110
-32 (base 7) to base 3
-212
Convert 2 (base 15) to base 13.
2
What is 241 (base 5) in base 6?
155
Convert 0 (base 13) to base 4.
0
-170 (base 9) to base 2
-10010000
What is -33 (base 4) in base 14?
-11
Convert 15 (base 10) to base 13.
12
What is 8 (base 12) in base 4?
20
What is -3f (base 16) in base 15?
-43
What is -26 (base 7) in base 5?
-40
-4d (base 15) to base 16
-49
What is -218 (base 11) in base 5?
-2021
Convert -7 (base 16) to base 7.
-10
Convert -34 (base 14) to base 4.
-232
What is 1 (base 4) in base 12?
1
What is 1 (base 15) in base 7?
1
Convert -31 (base 4) to base 14.
-d
0 (base 14) to base 3
0
-11202 (base 3) to base 15
-88
Convert -5 (base 16) to base 2.
-101
137 (base 14) to base 6
1045
What is b (base 12) in base 15?
b
1 (base 14) to base 8
1
Convert -10 (base 6) to base 15.
-6
-6 (base 13) to base 5
-11
-10 (base 14) to base 5
-24
What is 5 (base 12) in base 6?
5
Convert -54 (base 8) to base 11.
-40
What is -34 (base 5) in base 9?
-21
14 (base 7) to base 12
b
b9 (base 14) to base 15
ad
What is -3 (base 14) in base 2?
-11
Convert -2 (base 14) to base 16.
-2
Convert 11 (base 9) to base 15.
a
Convert -1001 (base 3) to base 6.
-44
What is -4 (base 16) in base 6?
-4
-2 (base 11) to base 14
-2
Convert -10111 (base 3) to base 4.
-1132
What is 1 (base 14) in base 11?
1
-13 (base 14) to base 4
-101
-9 (base 13) to base 14
-9
-10 (base 2) to base 10
-2
What is -7 (base 8) in base 2?
-111
Convert -18 (base 9) to base 15.
-12
10 (base 15) to base 13
12
Convert -121 (base 7) to base 15.
-44
What is -230 (base 4) in base 9?
-48
Convert 100011101 (base 2) to base 9.
346
What is -bd (base 15) in base 7?
-343
What is -b5 (base 14) in base 16?
-9f
1 (base 14) to base 7
1
10101 (base 2) to base 6
33
What is -1011 (base 3) in base 2?
-11111
2 (base 16) to base 6
2
What is -5 (base 12) in base 14?
-5
-194 (base 14) to base 11
-277
What is 44 (base 14) in base 12?
50
Convert -21 (base 3) to base 6.
-11
What is 10001010 (base 2) in base 16?
8a
2 (base 15) to base 6
2
Convert 4 (base 10) to base 11.
4
3 (base 8) to base 12
3
What is -4 (base 5) in base 2?
-100
Convert 3 (base 14) to base 5.
3
-10000 (base 3) to base 11
-74
Convert 29 (base 16) to base 2.
101001
1110 (base 4) to base 5
314
What is -29 (base 12) in base 15?
-23
8 (base 11) to base 7
11
-102 (base 8) to base 2
-1000010
Convert 6 (base 8) to base 13.
6
Convert -25 (base 13) to base 10.
-31
What is 11101 (base 3) in base 2?
1110110
18 (base 9) to base 7
23
What is -110 (base 13) in base 16?
-b6
What is 138 (base 9) in base 10?
116
What is -20 (base 5) in base 15?
-a
What is 3 (base 9) in base 7?
3
30 (base 5) to base 2
1111
-1f (base 16) to base 15
-21
10 (base 15) to base 9
16
-15 (base 10) to base 14
-11
Convert -45 (base 15) to base 14.
-49
Convert 0 (base 6) to base 3.
0
What is -a3 (base 13) in base 2?
-10000101
-4 (base 6) to base 5
-4
17 (base 15) to base 14
18
1 (base 9) to base 14
1
What is -1 (base 13) in base 4?
-1
-14 (base 7) to base 13
-b
Convert 2 (base 16) to base 15.
2
336 (base 10) to base 12
240
What is -30 (base 6) in base 15?
-13
What is -6 (base 16) in base 13?
-6
-1 (base 3) to base 2
-1
20 (base 10) to base 6
32
What is 1010 (base 3) in base 7?
42
86 (base 16) to base 15
8e
Convert 6 (base 15) to base 7.
6
357 (base 8) to base 14
131
What is -2 (base 12) in base 16?
-2
-7 (base 16) to base 14
-7
-13 (base 15) to base 9
-20
What is -314 (base 5) in base 13?
-66
12a (base 11) to base 2
10011001
What is -20 (base 3) in base 14?
-6
-4 (base 9) to base 6
-4
1 (base 2) to base 7
1
Convert 2 (base 13) to base 15.
2
274 (base 8) to base 9
228
What is -100 (base 2) in base 7?
-4
Convert -11 (base 10) to base 5.
-21
8 (base 15) to base 6
12
0 (base 12) to base 6
0
-11 (base 3) to base 15
-4
-25 (base 6) to base 14
-13
-12 (base 12) to base 11
-13
Convert 1 (base 4) to base 3.
1
Convert -7 (base 12) to base 8.
-7
What is 10 (base 6) in base 4?
12
What is 100 (base 4) in base 14?
12
Convert -1 (base 3) to base 10.
-1
-8 (base 9) to base 5
-13
What is 403 (base 10) in base 13?
250
What is -2 (base 15) in base 3?
-2
What is 16 (base 13) in base 14?
15
What is -4 (base 7) in base 16?
-4
What is 11 (base 15) in base 13?
13
27 (base 12) to base 9
34
-522 (base 7) to base 5
-2021
What is 21 (base 16) in base 10?
33
8 (base 12) to base 10
8
-1001 (base 4) to base 6
-145
-20 (base 5) to base 2
-1010
-15 (base 9) to base 8
-16
Convert 4 (base 16) to base 7.
4
What is 27 (base 14) in base 13?
29
What is a4 (base 15) in base 11?
130
3 (base 14) to base 3
10
What is -12 (base 12) in base 4?
-32
Convert -1112 (base 4) to base 3.
-10012
What is -5a (base 11) in base 9?
-72
Convert 1 (base 11) to base 16.
1
Convert -3f (base 16) to base 13.
-4b
What is -2022 (base 4) in base 15?
-93
22 (base 3) to base 7
11
Convert 2124 (base 5) to base 3.
101201
6 (base 8) to base 10
6
9 (base 10) to base 2
1001
What is -8 (base 14) in base 16?
-8
What is 18 (base 9) in base 2?
10001
ce (base 16) to base 12
152
What is 0 (base 12) in base 6?
0
-2 (base 15) to base 3
-2
What is -200 (base 4) in base 12?
-28
-20 (base 6) to base 13
-c
100 (base 2) to base 14
4
-2 (base 13) to base 3
-2
What is 3 (base 13) in base 11?
3
What is 5 (base 8) in base 14?
5
1201 (base 6) to base 16
121
What is 10 (base 3) in base 6?
3
What is -102 (base 3) in base 12?
-b
What is 1 (base 4) in base 2?
1
What is -11 (base 14) in base 7?
-21
What 